{"id":38,"date":"2021-03-15T07:37:25","date_gmt":"2021-03-15T07:37:25","guid":{"rendered":"http:\/\/fahrrad18.at\/?page_id=38"},"modified":"2025-12-17T10:28:34","modified_gmt":"2025-12-17T10:28:34","slug":"kontakt","status":"publish","type":"page","link":"https:\/\/fahrrad18.at\/?page_id=38","title":{"rendered":"Kontakt"},"content":{"rendered":"\n<p><mark style=\"background-color:rgba(0, 0, 0, 0);color:#004258\" class=\"has-inline-color\"><strong>Fahrrad 18 e.U.<\/strong><\/mark><br>Mag. Sebastian Sommer<br>Weimarer Stra\u00dfe 13, 1180 Wien<br>Tel.: +43 1 470 31 35<br>mobil: 0670 650 49 40<br>WhatsApp: 0670 650 49 40<br><a href=\"mailto:info@fahrrad18.at\">info(at)fahrrad18.at<\/a><\/p>\n\n\n\n<h2 class=\"wp-block-heading\"><mark style=\"background-color:rgba(0, 0, 0, 0);color:#004258\" class=\"has-inline-color\">\u00d6ffnungszeiten<\/mark><\/h2>\n\n\n\n<p>M\u00e4rz &#8211; November<\/p>\n\n\n\n<p>Mo-Fr: 10-18 Uhr<br>Sa: 9-12 Uhr (Juli und August geschlossen)<\/p>\n\n\n\n<p>November &#8211; M\u00e4rz <\/p>\n\n\n\n<p>Mo-Fr: 10-12 und 15-18 Uhr<br>Sa: 9-12 Uhr (J\u00e4nner geschlossen)<\/p>\n\n\n\n<h2 class=\"wp-block-heading\"><mark style=\"background-color:rgba(0, 0, 0, 0);color:#004258\" class=\"has-inline-color\">map<\/mark><\/h2>\n\n\n<p><iframe src=\"https:\/\/www.google.com\/maps\/embed?pb=!1m18!1m12!1m3!1d2657.78570371622!2d16.32367175167699!3d48.230000879129136!2m3!1f0!2f0!3f0!3m2!1i1024!2i768!4f13.1!3m3!1m2!1s0x476d087d1e88c2ab%3A0xa999f13636c755a8!2sFahrrad%2018!5e0!3m2!1sde!2sat!4v1615794517952!5m2!1sde!2sat\" width=\"800\" height=\"600\" style=\"border:0;\" allowfullscreen=\"\" loading=\"lazy\"><\/iframe><\/p>\n\n\n\n<p><\/p>\n","protected":false},"excerpt":{"rendered":"<p>Fahrrad 18 e.U.Mag. Sebastian SommerWeimarer Stra\u00dfe 13, 1180 WienTel.: +43 1 470 31 35mobil: 0670 650 49 40WhatsApp: 0670 650 49 40info(at)fahrrad18.at \u00d6ffnungszeiten M\u00e4rz &#8211; November Mo-Fr: 10-18 UhrSa: 9-12 Uhr (Juli und August geschlossen) November &#8211; M\u00e4rz Mo-Fr: 10-12 und 15-18 UhrSa: 9-12 Uhr (J\u00e4nner geschlossen) map<\/p>\n","protected":false},"author":1,"featured_media":0,"parent":0,"menu_order":0,"comment_status":"closed","ping_status":"closed","template":"","meta":{"footnotes":""},"class_list":["post-38","page","type-page","status-publish","hentry"],"_links":{"self":[{"href":"https:\/\/fahrrad18.at\/index.php?rest_route=\/wp\/v2\/pages\/38","targetHints":{"allow":["GET"]}}],"collection":[{"href":"https:\/\/fahrrad18.at\/index.php?rest_route=\/wp\/v2\/pages"}],"about":[{"href":"https:\/\/fahrrad18.at\/index.php?rest_route=\/wp\/v2\/types\/page"}],"author":[{"embeddable":true,"href":"https:\/\/fahrrad18.at\/index.php?rest_route=\/wp\/v2\/users\/1"}],"replies":[{"embeddable":true,"href":"https:\/\/fahrrad18.at\/index.php?rest_route=%2Fwp%2Fv2%2Fcomments&post=38"}],"version-history":[{"count":16,"href":"https:\/\/fahrrad18.at\/index.php?rest_route=\/wp\/v2\/pages\/38\/revisions"}],"predecessor-version":[{"id":441,"href":"https:\/\/fahrrad18.at\/index.php?rest_route=\/wp\/v2\/pages\/38\/revisions\/441"}],"wp:attachment":[{"href":"https:\/\/fahrrad18.at\/index.php?rest_route=%2Fwp%2Fv2%2Fmedia&parent=38"}],"curies":[{"name":"wp","href":"https:\/\/api.w.org\/{rel}","templated":true}]}}

<p><mark style="background-color:rgba(0, 0, 0, 0);color:#004258" class="has-inline-color"><strong>Fahrrad 18 e.U.</strong></mark><br>Mag. Sebastian Sommer<br>Weimarer Straße 13, 1180 Wien<br>Tel.: +43 1 470 31 35<br>mobil: 0670 650 49 40<br>WhatsApp: 0670 650 49 40<br><a href="mailto:info@fahrrad18.at">info(at)fahrrad18.at</a></p>



<h2 class="wp-block-heading"><mark style="background-color:rgba(0, 0, 0, 0);color:#004258" class="has-inline-color">Öffnungszeiten</mark></h2>



<p>März &#8211; November</p>



<p>Mo-Fr: 10-18 Uhr<br>Sa: 9-12 Uhr (Juli und August geschlossen)</p>



<p>November &#8211; März </p>



<p>Mo-Fr: 10-12 und 15-18 Uhr<br>Sa: 9-12 Uhr (Jänner geschlossen)</p>



<h2 class="wp-block-heading"><mark style="background-color:rgba(0, 0, 0, 0);color:#004258" class="has-inline-color">map</mark></h2>


<p><iframe src="https://www.google.com/maps/embed?pb=!1m18!1m12!1m3!1d2657.78570371622!2d16.32367175167699!3d48.230000879129136!2m3!1f0!2f0!3f0!3m2!1i1024!2i768!4f13.1!3m3!1m2!1s0x476d087d1e88c2ab%3A0xa999f13636c755a8!2sFahrrad%2018!5e0!3m2!1sde!2sat!4v1615794517952!5m2!1sde!2sat" width="800" height="600" style="border:0;" allowfullscreen="" loading="lazy"></iframe></p>



<p></p>

<p>Fahrrad 18 e.U.Mag. Sebastian SommerWeimarer Straße 13, 1180 WienTel.: +43 1 470 31 35mobil: 0670 650 49 40WhatsApp: 0670 650 49 40info(at)fahrrad18.at Öffnungszeiten März &#8211; November Mo-Fr: 10-18 UhrSa: 9-12 Uhr (Juli und August geschlossen) November &#8211; März Mo-Fr: 10-12 und 15-18 UhrSa: 9-12 Uhr (Jänner geschlossen) map</p>
